[INFO] cloning repository https://github.com/IronCretin/wheatley-rust
[INFO] running `Command { std: "git" "-c" "credential.helper=" "-c" "credential.helper=/workspace/cargo-home/bin/git-credential-null" "clone" "--bare" "https://github.com/IronCretin/wheatley-rust" "/workspace/cache/git-repos/https%3A%2F%2Fgithub.com%2FIronCretin%2Fwheatley-rust", kill_on_drop: false }`
[INFO] [stderr] Cloning into bare repository '/workspace/cache/git-repos/https%3A%2F%2Fgithub.com%2FIronCretin%2Fwheatley-rust'...
[INFO] running `Command { std: "git" "rev-parse" "HEAD", kill_on_drop: false }`
[INFO] [stdout] ab8d2b6c7ac8d005d782ded9679dfa6eda9f1aa9
[INFO] checking IronCretin/wheatley-rust against try#72f88fc4e9458f89516a0b8b0868f3718aec5b47 for pr-74989
[INFO] running `Command { std: "git" "clone" "/workspace/cache/git-repos/https%3A%2F%2Fgithub.com%2FIronCretin%2Fwheatley-rust" "/workspace/builds/worker-1/source", kill_on_drop: false }`
[INFO] [stderr] Cloning into '/workspace/builds/worker-1/source'...
[INFO] [stderr] done.
[INFO] validating manifest of git repo https://github.com/IronCretin/wheatley-rust on toolchain 72f88fc4e9458f89516a0b8b0868f3718aec5b47
[INFO] running `Command { std: "/workspace/cargo-home/bin/cargo" "+72f88fc4e9458f89516a0b8b0868f3718aec5b47" "read-manifest" "--manifest-path" "Cargo.toml", kill_on_drop: false }`
[INFO] started tweaking git repo https://github.com/IronCretin/wheatley-rust
[INFO] finished tweaking git repo https://github.com/IronCretin/wheatley-rust
[INFO] tweaked toml for git repo https://github.com/IronCretin/wheatley-rust written to /workspace/builds/worker-1/source/Cargo.toml
[INFO] crate git repo https://github.com/IronCretin/wheatley-rust already has a lockfile, it will not be regenerated
[INFO] running `Command { std: "/workspace/cargo-home/bin/cargo" "+72f88fc4e9458f89516a0b8b0868f3718aec5b47" "fetch" "--locked" "--manifest-path" "Cargo.toml", kill_on_drop: false }`
[INFO] [stderr]     Updating git repository `https://github.com/IronCretin/doryen-extra`
[INFO] [stderr]  Downloading crates ...
[INFO] [stderr]   Downloaded shrinkwraprs v0.2.3
[INFO] [stderr]   Downloaded uni-gl v0.1.2
[INFO] [stderr]   Downloaded borrowned v0.1.0
[INFO] [stderr]   Downloaded ilyvion-util v0.3.1
[INFO] [stderr]   Downloaded uni-app v0.1.3
[INFO] [stderr]   Downloaded impl_ops v0.1.1
[INFO] [stderr]   Downloaded doryen-rs v1.2.3
[INFO] [stderr]   Downloaded doryen-fov v0.1.1
[INFO] running `Command { std: "docker" "create" "-v" "/var/lib/crater-agent-workspace/builds/worker-1/target:/opt/rustwide/target:rw,Z" "-v" "/var/lib/crater-agent-workspace/builds/worker-1/source:/opt/rustwide/workdir:ro,Z" "-v" "/var/lib/crater-agent-workspace/cargo-home:/opt/rustwide/cargo-home:ro,Z" "-v" "/var/lib/crater-agent-workspace/rustup-home:/opt/rustwide/rustup-home:ro,Z" "-e" "SOURCE_DIR=/opt/rustwide/workdir" "-e" "CARGO_TARGET_DIR=/opt/rustwide/target" "-e" "CARGO_HOME=/opt/rustwide/cargo-home" "-e" "RUSTUP_HOME=/opt/rustwide/rustup-home" "-w" "/opt/rustwide/workdir" "-m" "1610612736" "--user" "0:0" "--network" "none" "rustops/crates-build-env@sha256:d92eaeed33fa75130ca1ee6c8a01d1ffb62bac859dfdfb3450e3e5d1c0146529" "/opt/rustwide/cargo-home/bin/cargo" "+72f88fc4e9458f89516a0b8b0868f3718aec5b47" "metadata" "--no-deps" "--format-version=1", kill_on_drop: false }`
[INFO] [stderr] WARNING: Your kernel does not support swap limit capabilities or the cgroup is not mounted. Memory limited without swap.
[INFO] [stdout] 734c87bbd6ce0c5de00496b9de1dcb44e1da9bda2a6b4b8b402965a6f701136f
[INFO] running `Command { std: "docker" "start" "-a" "734c87bbd6ce0c5de00496b9de1dcb44e1da9bda2a6b4b8b402965a6f701136f", kill_on_drop: false }`
[INFO] running `Command { std: "docker" "inspect" "734c87bbd6ce0c5de00496b9de1dcb44e1da9bda2a6b4b8b402965a6f701136f", kill_on_drop: false }`
[INFO] running `Command { std: "docker" "rm" "-f" "734c87bbd6ce0c5de00496b9de1dcb44e1da9bda2a6b4b8b402965a6f701136f", kill_on_drop: false }`
[INFO] [stdout] 734c87bbd6ce0c5de00496b9de1dcb44e1da9bda2a6b4b8b402965a6f701136f
[INFO] running `Command { std: "docker" "create" "-v" "/var/lib/crater-agent-workspace/builds/worker-1/target:/opt/rustwide/target:rw,Z" "-v" "/var/lib/crater-agent-workspace/builds/worker-1/source:/opt/rustwide/workdir:ro,Z" "-v" "/var/lib/crater-agent-workspace/cargo-home:/opt/rustwide/cargo-home:ro,Z" "-v" "/var/lib/crater-agent-workspace/rustup-home:/opt/rustwide/rustup-home:ro,Z" "-e" "SOURCE_DIR=/opt/rustwide/workdir" "-e" "CARGO_TARGET_DIR=/opt/rustwide/target" "-e" "CARGO_INCREMENTAL=0" "-e" "RUST_BACKTRACE=full" "-e" "RUSTFLAGS=--cap-lints=forbid" "-e" "CARGO_HOME=/opt/rustwide/cargo-home" "-e" "RUSTUP_HOME=/opt/rustwide/rustup-home" "-w" "/opt/rustwide/workdir" "-m" "1610612736" "--user" "0:0" "--network" "none" "rustops/crates-build-env@sha256:d92eaeed33fa75130ca1ee6c8a01d1ffb62bac859dfdfb3450e3e5d1c0146529" "/opt/rustwide/cargo-home/bin/cargo" "+72f88fc4e9458f89516a0b8b0868f3718aec5b47" "check" "--frozen" "--all" "--all-targets" "--message-format=json", kill_on_drop: false }`
[INFO] [stdout] 73626f95fc5b5f9ca0e726e675e786413c67a0aae032d0032c4c847b3cce6e73
[INFO] [stderr] WARNING: Your kernel does not support swap limit capabilities or the cgroup is not mounted. Memory limited without swap.
[INFO] running `Command { std: "docker" "start" "-a" "73626f95fc5b5f9ca0e726e675e786413c67a0aae032d0032c4c847b3cce6e73", kill_on_drop: false }`
[INFO] [stderr]    Compiling bitflags v1.2.1
[INFO] [stderr]     Checking cfg-if v0.1.10
[INFO] [stderr]    Compiling autocfg v1.0.0
[INFO] [stderr]     Checking lazy_static v1.4.0
[INFO] [stderr]    Compiling getrandom v0.1.14
[INFO] [stderr]    Compiling libloading v0.6.2
[INFO] [stderr]    Compiling proc-macro2 v1.0.18
[INFO] [stderr]    Compiling unicode-xid v0.2.0
[INFO] [stderr]    Compiling maybe-uninit v2.0.0
[INFO] [stderr]    Compiling byteorder v1.3.4
[INFO] [stderr]    Compiling semver-parser v0.7.0
[INFO] [stderr]     Checking ppv-lite86 v0.2.8
[INFO] [stderr]    Compiling syn v1.0.30
[INFO] [stderr]     Checking rand_core v0.4.2
[INFO] [stderr]     Checking remove_dir_all v0.5.2
[INFO] [stderr]    Compiling proc-macro2 v0.4.30
[INFO] [stderr]    Compiling crc32fast v1.2.0
[INFO] [stderr]    Compiling either v1.5.3
[INFO] [stderr]    Compiling syn v0.15.44
[INFO] [stderr]    Compiling serde v1.0.111
[INFO] [stderr]    Compiling proc-macro-hack v0.5.16
[INFO] [stderr]     Checking borrowned v0.1.0
[INFO] [stderr]     Checking impl_ops v0.1.1
[INFO] [stderr]     Checking doryen-fov v0.1.1
[INFO] [stderr]     Checking owning_ref v0.4.1
[INFO] [stderr]     Checking rand_core v0.3.1
[INFO] [stderr]    Compiling itertools v0.8.2
[INFO] [stderr]    Compiling semver v0.9.0
[INFO] [stderr]    Compiling log v0.4.8
[INFO] [stderr]     Checking rand v0.5.6
[INFO] [stderr]     Checking memmap v0.6.2
[INFO] [stderr]     Checking shared_library v0.1.9
[INFO] [stderr]     Checking lock_api v0.1.5
[INFO] [stderr]    Compiling xml-rs v0.7.0
[INFO] [stderr]     Checking nix v0.11.1
[INFO] [stderr]     Checking dlib v0.4.2
[INFO] [stderr]     Checking smallvec v0.6.13
[INFO] [stderr]     Checking x11-dl v2.18.5
[INFO] [stderr]    Compiling log v0.3.9
[INFO] [stderr]     Checking rand_core v0.5.1
[INFO] [stderr]    Compiling num-traits v0.2.11
[INFO] [stderr]    Compiling num-integer v0.1.42
[INFO] [stderr]    Compiling num-rational v0.2.4
[INFO] [stderr]    Compiling num-iter v0.1.40
[INFO] [stderr]     Checking osmesa-sys v0.1.2
[INFO] [stderr]    Compiling rustc_version v0.2.3
[INFO] [stderr]     Checking wayland-sys v0.20.12
[INFO] [stderr]     Checking rand_chacha v0.2.2
[INFO] [stderr]     Checking deflate v0.7.20
[INFO] [stderr]    Compiling quote v1.0.6
[INFO] [stderr]    Compiling quote v0.6.13
[INFO] [stderr]     Checking wayland-commons v0.20.12
[INFO] [stderr]     Checking rand v0.7.3
[INFO] [stderr]    Compiling parking_lot_core v0.3.1
[INFO] [stderr]    Compiling wayland-scanner v0.20.12
[INFO] [stderr]    Compiling gl_generator v0.6.1
[INFO] [stderr]    Compiling gl_generator v0.9.0
[INFO] [stderr]     Checking png v0.15.3
[INFO] [stderr]     Checking parking_lot v0.6.4
[INFO] [stderr]    Compiling wayland-client v0.20.12
[INFO] [stderr]    Compiling wayland-protocols v0.20.12
[INFO] [stderr]     Checking tempfile v3.1.0
[INFO] [stderr]     Checking rand_distr v0.2.2
[INFO] [stderr]    Compiling gl v0.6.5
[INFO] [stderr]    Compiling glutin v0.17.0
[INFO] [stderr]     Checking image v0.22.5
[INFO] [stderr]     Checking smithay-client-toolkit v0.2.6
[INFO] [stderr]    Compiling derivative v1.0.4
[INFO] [stderr]     Checking winit v0.16.2
[INFO] [stderr]     Checking uni-gl v0.1.2
[INFO] [stderr]     Checking uni-app v0.1.3
[INFO] [stderr]     Checking doryen-rs v1.2.3
[INFO] [stderr]    Compiling shrinkwraprs v0.2.3
[INFO] [stderr]    Compiling serde_derive v1.0.111
[INFO] [stderr]    Compiling paste-impl v0.1.16
[INFO] [stderr]     Checking paste v0.1.16
[INFO] [stderr]     Checking ilyvion-util v0.3.1
[INFO] [stderr]     Checking doryen-extra v0.1.0 (https://github.com/IronCretin/doryen-extra#006e9e55)
[INFO] [stdout] error: unexpected token: `stringify`
[INFO] [stdout]    --> /opt/rustwide/cargo-home/git/checkouts/doryen-extra-abead3f916a83d5a/006e9e5/src/base/def_macro.rs:714:9
[INFO] [stdout]     |
[INFO] [stdout] 714 | /         paste::item! {
[INFO] [stdout] 715 | |             /// The error type returned when a checked
[INFO] [stdout] 716 | |             #[doc = $name_str]
[INFO] [stdout] 717 | |             /// type conversion fails.
[INFO] [stdout] ...   |
[INFO] [stdout] 730 | |             }
[INFO] [stdout] 731 | |         }
[INFO] [stdout]     | |_________^
[INFO] [stdout]     | 
[INFO] [stdout]    ::: /opt/rustwide/cargo-home/git/checkouts/doryen-extra-abead3f916a83d5a/006e9e5/src/base.rs:39:1
[INFO] [stdout]     |
[INFO] [stdout] 39  |   define_two_property_arithmetic_struct!(Position, UPosition, FPosition, x, y, ORIGIN, "({}, {})");
[INFO] [stdout]     |   ------------------------------------------------------------------------------------------------- in this macro invocation
[INFO] [stdout]     |
[INFO] [stdout]     = note: this error originates in a macro (in Nightly builds, run with -Z macro-backtrace for more info)
[INFO] [stdout] 
[INFO] [stdout] 
[INFO] [stdout] error: unexpected token: `stringify`
[INFO] [stdout]    --> /opt/rustwide/cargo-home/git/checkouts/doryen-extra-abead3f916a83d5a/006e9e5/src/base/def_macro.rs:714:9
[INFO] [stdout]     |
[INFO] [stdout] 714 | /         paste::item! {
[INFO] [stdout] 715 | |             /// The error type returned when a checked
[INFO] [stdout] 716 | |             #[doc = $name_str]
[INFO] [stdout] 717 | |             /// type conversion fails.
[INFO] [stdout] ...   |
[INFO] [stdout] 730 | |             }
[INFO] [stdout] 731 | |         }
[INFO] [stdout]     | |_________^
[INFO] [stdout]     | 
[INFO] [stdout]    ::: /opt/rustwide/cargo-home/git/checkouts/doryen-extra-abead3f916a83d5a/006e9e5/src/base.rs:40:1
[INFO] [stdout]     |
[INFO] [stdout] 40  |   define_two_property_arithmetic_struct!(Size, USize, FSize, width, height, ZERO, "{}x{}");
[INFO] [stdout]     |   ----------------------------------------------------------------------------------------- in this macro invocation
[INFO] [stdout]     |
[INFO] [stdout]     = note: this error originates in a macro (in Nightly builds, run with -Z macro-backtrace for more info)
[INFO] [stdout] 
[INFO] [stdout] 
[INFO] [stdout] error[E0433]: failed to resolve: use of undeclared type or module `TryFromPositionError`
[INFO] [stdout]    --> /opt/rustwide/cargo-home/git/checkouts/doryen-extra-abead3f916a83d5a/006e9e5/src/base/def_macro.rs:783:36
[INFO] [stdout]     |
[INFO] [stdout] 783 |                         return Err([< TryFrom $name Error >]::FloatToInt);
[INFO] [stdout]     |                                    ^^^^^^^^^^^^^^^^^^^^^^^^^ use of undeclared type or module `TryFromPositionError`
[INFO] [stdout]     | 
[INFO] [stdout]    ::: /opt/rustwide/cargo-home/git/checkouts/doryen-extra-abead3f916a83d5a/006e9e5/src/base.rs:39:1
[INFO] [stdout]     |
[INFO] [stdout] 39  | define_two_property_arithmetic_struct!(Position, UPosition, FPosition, x, y, ORIGIN, "({}, {})");
[INFO] [stdout]     | ------------------------------------------------------------------------------------------------- in this macro invocation
[INFO] [stdout]     |
[INFO] [stdout]     = note: this error originates in a macro (in Nightly builds, run with -Z macro-backtrace for more info)
[INFO] [stdout] 
[INFO] [stdout] 
[INFO] [stdout] error[E0433]: failed to resolve: use of undeclared type or module `TryFromPositionError`
[INFO] [stdout]    --> /opt/rustwide/cargo-home/git/checkouts/doryen-extra-abead3f916a83d5a/006e9e5/src/base/def_macro.rs:800:36
[INFO] [stdout]     |
[INFO] [stdout] 800 |                         return Err([< TryFrom $name Error >]::FloatToInt);
[INFO] [stdout]     |                                    ^^^^^^^^^^^^^^^^^^^^^^^^^ use of undeclared type or module `TryFromPositionError`
[INFO] [stdout]     | 
[INFO] [stdout]    ::: /opt/rustwide/cargo-home/git/checkouts/doryen-extra-abead3f916a83d5a/006e9e5/src/base.rs:39:1
[INFO] [stdout]     |
[INFO] [stdout] 39  | define_two_property_arithmetic_struct!(Position, UPosition, FPosition, x, y, ORIGIN, "({}, {})");
[INFO] [stdout]     | ------------------------------------------------------------------------------------------------- in this macro invocation
[INFO] [stdout]     |
[INFO] [stdout]     = note: this error originates in a macro (in Nightly builds, run with -Z macro-backtrace for more info)
[INFO] [stdout] 
[INFO] [stdout] 
[INFO] [stdout] error[E0433]: failed to resolve: use of undeclared type or module `TryFromSizeError`
[INFO] [stdout]    --> /opt/rustwide/cargo-home/git/checkouts/doryen-extra-abead3f916a83d5a/006e9e5/src/base/def_macro.rs:783:36
[INFO] [stdout]     |
[INFO] [stdout] 783 |                         return Err([< TryFrom $name Error >]::FloatToInt);
[INFO] [stdout]     |                                    ^^^^^^^^^^^^^^^^^^^^^^^^^ use of undeclared type or module `TryFromSizeError`
[INFO] [stdout]     | 
[INFO] [stdout]    ::: /opt/rustwide/cargo-home/git/checkouts/doryen-extra-abead3f916a83d5a/006e9e5/src/base.rs:40:1
[INFO] [stdout]     |
[INFO] [stdout] 40  | define_two_property_arithmetic_struct!(Size, USize, FSize, width, height, ZERO, "{}x{}");
[INFO] [stdout]     | ----------------------------------------------------------------------------------------- in this macro invocation
[INFO] [stdout]     |
[INFO] [stdout]     = note: this error originates in a macro (in Nightly builds, run with -Z macro-backtrace for more info)
[INFO] [stdout] 
[INFO] [stdout] 
[INFO] [stdout] error[E0433]: failed to resolve: use of undeclared type or module `TryFromSizeError`
[INFO] [stdout]    --> /opt/rustwide/cargo-home/git/checkouts/doryen-extra-abead3f916a83d5a/006e9e5/src/base/def_macro.rs:800:36
[INFO] [stdout]     |
[INFO] [stdout] 800 |                         return Err([< TryFrom $name Error >]::FloatToInt);
[INFO] [stdout]     |                                    ^^^^^^^^^^^^^^^^^^^^^^^^^ use of undeclared type or module `TryFromSizeError`
[INFO] [stdout]     | 
[INFO] [stdout]    ::: /opt/rustwide/cargo-home/git/checkouts/doryen-extra-abead3f916a83d5a/006e9e5/src/base.rs:40:1
[INFO] [stdout]     |
[INFO] [stdout] 40  | define_two_property_arithmetic_struct!(Size, USize, FSize, width, height, ZERO, "{}x{}");
[INFO] [stdout]     | ----------------------------------------------------------------------------------------- in this macro invocation
[INFO] [stdout]     |
[INFO] [stdout]     = note: this error originates in a macro (in Nightly builds, run with -Z macro-backtrace for more info)
[INFO] [stdout] 
[INFO] [stdout] 
[INFO] [stdout] error[E0412]: cannot find type `TryFromPositionError` in this scope
[INFO] [stdout]    --> /opt/rustwide/cargo-home/git/checkouts/doryen-extra-abead3f916a83d5a/006e9e5/src/base/def_macro.rs:735:30
[INFO] [stdout]     |
[INFO] [stdout] 735 |                 type Error = [< TryFrom $name Error >];
[INFO] [stdout]     |                              ^^^^^^^^^^^^^^^^^^^^^^^^^ not found in this scope
[INFO] [stdout]     | 
[INFO] [stdout]    ::: /opt/rustwide/cargo-home/git/checkouts/doryen-extra-abead3f916a83d5a/006e9e5/src/base.rs:39:1
[INFO] [stdout]     |
[INFO] [stdout] 39  | define_two_property_arithmetic_struct!(Position, UPosition, FPosition, x, y, ORIGIN, "({}, {})");
[INFO] [stdout]     | ------------------------------------------------------------------------------------------------- in this macro invocation
[INFO] [stdout]     |
[INFO] [stdout]     = note: this error originates in a macro (in Nightly builds, run with -Z macro-backtrace for more info)
[INFO] [stdout] 
[INFO] [stdout] 
[INFO] [stdout] error[E0412]: cannot find type `TryFromPositionError` in this scope
[INFO] [stdout]    --> /opt/rustwide/cargo-home/git/checkouts/doryen-extra-abead3f916a83d5a/006e9e5/src/base/def_macro.rs:754:30
[INFO] [stdout]     |
[INFO] [stdout] 754 |                 type Error = [< TryFrom $name Error >];
[INFO] [stdout]     |                              ^^^^^^^^^^^^^^^^^^^^^^^^^ not found in this scope
[INFO] [stdout]     | 
[INFO] [stdout]    ::: /opt/rustwide/cargo-home/git/checkouts/doryen-extra-abead3f916a83d5a/006e9e5/src/base.rs:39:1
[INFO] [stdout]     |
[INFO] [stdout] 39  | define_two_property_arithmetic_struct!(Position, UPosition, FPosition, x, y, ORIGIN, "({}, {})");
[INFO] [stdout]     | ------------------------------------------------------------------------------------------------- in this macro invocation
[INFO] [stdout]     |
[INFO] [stdout]     = note: this error originates in a macro (in Nightly builds, run with -Z macro-backtrace for more info)
[INFO] [stdout] 
[INFO] [stdout] 
[INFO] [stdout] error[E0412]: cannot find type `TryFromPositionError` in this scope
[INFO] [stdout]    --> /opt/rustwide/cargo-home/git/checkouts/doryen-extra-abead3f916a83d5a/006e9e5/src/base/def_macro.rs:775:30
[INFO] [stdout]     |
[INFO] [stdout] 775 |                 type Error = [< TryFrom $name Error >];
[INFO] [stdout]     |                              ^^^^^^^^^^^^^^^^^^^^^^^^^ not found in this scope
[INFO] [stdout]     | 
[INFO] [stdout]    ::: /opt/rustwide/cargo-home/git/checkouts/doryen-extra-abead3f916a83d5a/006e9e5/src/base.rs:39:1
[INFO] [stdout]     |
[INFO] [stdout] 39  | define_two_property_arithmetic_struct!(Position, UPosition, FPosition, x, y, ORIGIN, "({}, {})");
[INFO] [stdout]     | ------------------------------------------------------------------------------------------------- in this macro invocation
[INFO] [stdout]     |
[INFO] [stdout]     = note: this error originates in a macro (in Nightly builds, run with -Z macro-backtrace for more info)
[INFO] [stdout] 
[INFO] [stdout] 
[INFO] [stdout] error[E0412]: cannot find type `TryFromPositionError` in this scope
[INFO] [stdout]    --> /opt/rustwide/cargo-home/git/checkouts/doryen-extra-abead3f916a83d5a/006e9e5/src/base/def_macro.rs:792:30
[INFO] [stdout]     |
[INFO] [stdout] 792 |                 type Error = [< TryFrom $name Error >];
[INFO] [stdout]     |                              ^^^^^^^^^^^^^^^^^^^^^^^^^ not found in this scope
[INFO] [stdout]     | 
[INFO] [stdout]    ::: /opt/rustwide/cargo-home/git/checkouts/doryen-extra-abead3f916a83d5a/006e9e5/src/base.rs:39:1
[INFO] [stdout]     |
[INFO] [stdout] 39  | define_two_property_arithmetic_struct!(Position, UPosition, FPosition, x, y, ORIGIN, "({}, {})");
[INFO] [stdout]     | ------------------------------------------------------------------------------------------------- in this macro invocation
[INFO] [stdout]     |
[INFO] [stdout]     = note: this error originates in a macro (in Nightly builds, run with -Z macro-backtrace for more info)
[INFO] [stdout] 
[INFO] [stdout] 
[INFO] [stdout] error[E0412]: cannot find type `TryFromSizeError` in this scope
[INFO] [stdout]     --> /opt/rustwide/cargo-home/git/checkouts/doryen-extra-abead3f916a83d5a/006e9e5/src/base/def_macro.rs:735:30
[INFO] [stdout]      |
[INFO] [stdout] 735  |                 type Error = [< TryFrom $name Error >];
[INFO] [stdout]      |                              ^^^^^^^^^^^^^^^^^^^^^^^^^ help: a struct with a similar name exists: `TryFromIntError`
[INFO] [stdout]      | 
[INFO] [stdout]     ::: /opt/rustwide/cargo-home/git/checkouts/doryen-extra-abead3f916a83d5a/006e9e5/src/base.rs:40:1
[INFO] [stdout]      |
[INFO] [stdout] 40   | define_two_property_arithmetic_struct!(Size, USize, FSize, width, height, ZERO, "{}x{}");
[INFO] [stdout]      | ----------------------------------------------------------------------------------------- in this macro invocation
[INFO] [stdout]      |
[INFO] [stdout]      = note: this error originates in a macro (in Nightly builds, run with -Z macro-backtrace for more info)
[INFO] [stdout] 
[INFO] [stdout] 
[INFO] [stdout] error[E0412]: cannot find type `TryFromSizeError` in this scope
[INFO] [stdout]     --> /opt/rustwide/cargo-home/git/checkouts/doryen-extra-abead3f916a83d5a/006e9e5/src/base/def_macro.rs:754:30
[INFO] [stdout]      |
[INFO] [stdout] 754  |                 type Error = [< TryFrom $name Error >];
[INFO] [stdout]      |                              ^^^^^^^^^^^^^^^^^^^^^^^^^ help: a struct with a similar name exists: `TryFromIntError`
[INFO] [stdout]      | 
[INFO] [stdout]     ::: /opt/rustwide/cargo-home/git/checkouts/doryen-extra-abead3f916a83d5a/006e9e5/src/base.rs:40:1
[INFO] [stdout]      |
[INFO] [stdout] 40   | define_two_property_arithmetic_struct!(Size, USize, FSize, width, height, ZERO, "{}x{}");
[INFO] [stdout]      | ----------------------------------------------------------------------------------------- in this macro invocation
[INFO] [stdout]      |
[INFO] [stdout]      = note: this error originates in a macro (in Nightly builds, run with -Z macro-backtrace for more info)
[INFO] [stdout] 
[INFO] [stdout] 
[INFO] [stdout] error[E0412]: cannot find type `TryFromSizeError` in this scope
[INFO] [stdout]     --> /opt/rustwide/cargo-home/git/checkouts/doryen-extra-abead3f916a83d5a/006e9e5/src/base/def_macro.rs:775:30
[INFO] [stdout]      |
[INFO] [stdout] 775  |                 type Error = [< TryFrom $name Error >];
[INFO] [stdout]      |                              ^^^^^^^^^^^^^^^^^^^^^^^^^ help: a struct with a similar name exists: `TryFromIntError`
[INFO] [stdout]      | 
[INFO] [stdout]     ::: /opt/rustwide/cargo-home/git/checkouts/doryen-extra-abead3f916a83d5a/006e9e5/src/base.rs:40:1
[INFO] [stdout]      |
[INFO] [stdout] 40   | define_two_property_arithmetic_struct!(Size, USize, FSize, width, height, ZERO, "{}x{}");
[INFO] [stdout]      | ----------------------------------------------------------------------------------------- in this macro invocation
[INFO] [stdout]      |
[INFO] [stdout]      = note: this error originates in a macro (in Nightly builds, run with -Z macro-backtrace for more info)
[INFO] [stdout] 
[INFO] [stdout] 
[INFO] [stdout] error[E0412]: cannot find type `TryFromSizeError` in this scope
[INFO] [stdout]     --> /opt/rustwide/cargo-home/git/checkouts/doryen-extra-abead3f916a83d5a/006e9e5/src/base/def_macro.rs:792:30
[INFO] [stdout]      |
[INFO] [stdout] 792  |                 type Error = [< TryFrom $name Error >];
[INFO] [stdout]      |                              ^^^^^^^^^^^^^^^^^^^^^^^^^ help: a struct with a similar name exists: `TryFromIntError`
[INFO] [stdout]      | 
[INFO] [stdout]     ::: /opt/rustwide/cargo-home/git/checkouts/doryen-extra-abead3f916a83d5a/006e9e5/src/base.rs:40:1
[INFO] [stdout]      |
[INFO] [stdout] 40   | define_two_property_arithmetic_struct!(Size, USize, FSize, width, height, ZERO, "{}x{}");
[INFO] [stdout]      | ----------------------------------------------------------------------------------------- in this macro invocation
[INFO] [stdout]      |
[INFO] [stdout]      = note: this error originates in a macro (in Nightly builds, run with -Z macro-backtrace for more info)
[INFO] [stdout] 
[INFO] [stdout] 
[INFO] [stdout] error: aborting due to 14 previous errors
[INFO] [stdout] 
[INFO] [stdout] 
[INFO] [stdout] Some errors have detailed explanations: E0412, E0433.
[INFO] [stdout] 
[INFO] [stdout] For more information about an error, try `rustc --explain E0412`.
[INFO] [stdout] 
[INFO] [stderr] error: could not compile `doryen-extra`.
[INFO] [stderr] 
[INFO] [stderr] To learn more, run the command again with --verbose.
[INFO] [stderr] warning: build failed, waiting for other jobs to finish...
[INFO] [stderr] error: build failed
[INFO] running `Command { std: "docker" "inspect" "73626f95fc5b5f9ca0e726e675e786413c67a0aae032d0032c4c847b3cce6e73", kill_on_drop: false }`
[INFO] running `Command { std: "docker" "rm" "-f" "73626f95fc5b5f9ca0e726e675e786413c67a0aae032d0032c4c847b3cce6e73", kill_on_drop: false }`
[INFO] [stdout] 73626f95fc5b5f9ca0e726e675e786413c67a0aae032d0032c4c847b3cce6e73
